o base 4.
-1000321103
-13533563 (base 7) to base 15
-1a1032
Convert -264022 (base 7) to base 5.
-3040113
Convert 483173 (base 9) to base 2.
1000111000011001010
Convert -467b4 (base 13) to base 15.
-2823b
Convert 11641033 (base 9) to base 15.
77793c
What is -2203476 (base 9) in base 4?
-10200331020
-3098e (base 15) to base 12
-75182
-1023341111 (base 5) to base 15
-2cc6c1
What is -153a141 (base 14) in base 6?
-1010030205
What is -1674266 (base 8) in base 14?
-ca634
What is -200001301 (base 4) in base 16?
-20071
What is 2238a6 (base 11) in base 9?
602867
Convert -130011212 (base 4) to base 15.
-2414b
2391452 (base 10) to base 6
123131312
Convert -10320033 (base 4) to base 9.
-30363
3881549 (base 10) to base 16
3b3a4d
Convert -16ee72 (base 16) to base 8.
-5567162
560445 (base 9) to base 5
41204401
cc4a2 (base 13) to base 4
1122103300
Convert -7ade (base 15) to base 14.
-9712
Convert -17887a9 (base 14) to base 8.
-54261221
Convert 23333313 (base 6) to base 5.
141242241
What is -12321133023 (base 4) in base 14?
-351027
What is 233001221 (base 4) in base 8?
570151
What is -310087 (base 9) in base 14?
-4ad99
Convert -6c941a (base 13) to base 16.
-2788f2
-1503688 (base 9) to base 12
-33bbbb
What is -a0976 (base 14) in base 5?
-44323103
21004043 (base 6) to base 2
10010100010010111011
What is -11200200010 (base 3) in base 5?
-10423333
What is 88503 (base 9) in base 2?
1110010101101000
What is 2d0c9 (base 14) in base 7?
646342
1134514 (base 6) to base 7
335050
10242104312 (base 5) to base 12
3794710
What is 1346054 (base 9) in base 16?
b47b7
-42361112 (base 7) to base 8
-15554712
Convert -10220012000 (base 3) to base 2.
-10010101110001000
Convert -c0194 (base 16) to base 10.
-786836
-2950221 (base 11) to base 14
-95c32b
-1307706 (base 8) to base 4
-1120333012
Convert -7a9544 (base 12) to base 15.
-28c58d
11010001011111010001 (base 2) to base 13
240740
What is 1132958 (base 10) in base 7?
12426041
Convert -1110111100111000100 (base 2) to base 16.
-779c4
Convert -126530522 (base 7) to base 9.
-16402012
Convert 33755 (base 8) to base 13.
6694
Convert dada5 (base 14) to base 6.
15203325
What is -12312705 (base 8) in base 14?
-50d297
2035400 (base 6) to base 13
35a51
Convert -2ca15 (base 15) to base 12.
-6b418
-129975 (base 11) to base 3
-101100010102
What is -758494 (base 11) in base 7?
-13204636
What is 4002230331 (base 5) in base 9?
15686776
4350335 (base 6) to base 15
44278
-388d1 (base 14) to base 8
-417307
2738663 (base 11) to base 10
4725845
-bfa4dc (base 16) to base 14
-194d16c
What is -100012020210101 (base 3) in base 15?
-667c0a
Convert 3575408 (base 10) to base 16.
368e70
What is -48263 (base 10) in base 11?
-33296
What is -4631534 (base 7) in base 8?
-2153266
What is 28834 (base 10) in base 3?
1110112221
Convert -2120011001 (base 3) to base 11.
-34968
Convert -1000000011000000110010 (base 2) to base 13.
-58b226
Convert 40336 (base 15) to base 9.
338686
Convert 15c64a8 (base 13) to base 8.
32666002
What is -41422 (base 7) in base 2?
-10011110101111
Convert 10404000 (base 5) to base 16.
163f5
Convert 300602 (base 8) to base 15.
1e395
What is 1254534 (base 6) in base 10?
69754
Convert -230230002 (base 4) to base 14.
-4a9c6
What is -4282151 (base 11) in base 4?
-130231331321
Convert -33043140 (base 5) to base 7.
-2262325
What is 1030110220 (base 4) in base 8?
1142450
Convert -b1a21 (base 12) to base 14.
-60409
-11474 (base 12) to base 11
-16416
Convert -bc4d06 (base 15) to base 7.
-136206114
Convert 1027470 (base 10) to base 14.
1ca62a
What is 210021010012212 (base 3) in base 12?
394b6ab
What is -32331103021 (base 4) in base 10?
-3921097
Convert 102341501 (base 6) to base 2.
110110111111001101101
Convert -1449cc (base 13) to base 14.
-cca98
What is -216507 (base 8) in base 3?
-10201011212
Convert 24790 (base 12) to base 9.
74810
264848 (base 9) to base 10
161072
-44b499 (base 12) to base 10
-1097973
Convert -4246140 (base 7) to base 11.
-322705
What is -1c1d66 (base 15) in base 13?
-3910b3
Convert 1101110002101 (base 3) to base 16.
b3f3b
Convert -41171a (base 13) to base 9.
-2762106
698c7 (base 15) to base 6
11112024
Convert -17011 (base 9) to base 10.
-11674
42315651 (base 7) to base 8
15530521
Convert 996661 (base 10) to base 2.
11110011010100110101
What is -3312143 (base 5) in base 12?
-29105
Convert -112ab (base 15) to base 9.
-82818
2313454 (base 6) to base 12
5888a
What is -59145 (base 10) in base 2?
-1110011100001001
474aaa (base 15) to base 7
40652143
-332ab4 (base 14) to base 7
-20521114
24c4d0 (base 16) to base 7
26324210
11343441 (base 5) to base 6
2135145
What is -73c5 (base 16) in base 9?
-44580
4b6bb (base 16) to base 15
617ed
-a7b83 (base 16) to base 13
-1b08c7
Convert 1211221000121 (base 3) to base 6.
33021324
10134123 (base 5) to base 16
146cf
31a881 (base 11) to base 16
7d0a1
100111000111001110101 (base 2) to base 3
2102010002122
What is 1daa0 (base 14) in base 10?
76188
-267196 (base 13) to base 8
-3427527
19332 (base 10) to base 16
4b84
157832 (base 13) to base 2
10000001100110110110
What is 2223002003 (base 4) in base 10?
700547
Convert 3454360 (base 7) to base 15.
887b1
Convert -7471178 (base 9) to base 7.
-46011551
What is 1224108 (base 10) in base 11?
766766
Convert -211402 (base 6) to base 5.
-1022320
20068 (base 15) to base 12
4a798
36520 (base 10) to base 14
d448
What is -200220201222 (base 3) in base 10?
-372329
Convert -f0522e (base 16) to base 5.
-13012442203
What is 47507 (base 11) in base 12?
33779
-144100231 (base 5) to base 7
-6351306
What is 5ade (base 16) in base 9?
34816
4465475 (base 9) to base 3
11112012112112
What is 4626425 (base 10) in base 6?
243054345
-111110101001101000 (base 2) to base 9
-431008
Convert 10a7d1c (base 15) to base 16.
b5effc
What is -100111001110100110 (base 2) in base 9?
-264361
Convert 7226438 (base 10) to base 6.
414515422
What is 623276 (base 11) in base 9?
1783546
a53c60 (base 14) to base 12
1a518a4
5627434 (base 8) to base 6
52322112
Convert -2312 (base 14) to base 2.
-1011111001100
What is 4023123 (base 6) in base 14?
4d2d5
What is -392b4 (base 15) in base 14?
-4a901
What is 55da8 (base 14) in base 2?
110010111001110000
Convert -12443326 (base 7) to base 15.
-176cb4
What is -1440313 (base 9) in base 15?
-10a476
What is 1150697 (base 11) in base 13?
553488
-1145b (base 14) to base 4
-22100221
Convert -510617 (base 11) to base 12.
-336aa8
111111010000011101010000 (base 2) to base 13
3587a25
What is 152315 (base 12) in base 14?
93c65
What is 140179 (base 16) in base 8?
5000571
Convert -451315 (base 7) to base 3.
-11001101011
Convert -121466 (base 11) to base 16.
-2eedc
40462603 (base 7) to base 13
913000
-4799370 (base 11) to base 2
-11111111000011110011101
Convert 44197 (base 10) to base 12.
216b1
-115a93 (base 14) to base 11
-3748a7
-330ae5 (base 15) to base 10
-2432465
What is 48765 (base 9) in base 16?
7fbe
-35305 (base 15) to base 12
-82072
22c365 (base 16) to base 8
10541545
Convert 1052552545 (base 6) to base 11.
6614877
Convert 21011220202021 (base 3) to base 11.
2177735
Convert 235011 (base 8) to base 15.
18c48
Convert 132440 (base 5) to base 9.
7326
-2721742 (base 9) to base 10
-1490681
Convert -31122 (base 6) to base 13.
-1b77
What is 1000000011011011111 (base 2) in base 3?
111102000012
Convert 1452001 (base 6) to base 4.
110223001
What is 11043056 (base 9) in base 8?
24303254
Convert -2012012120021 (base 3) to base 5.
-244242404
What is -5021521 (base 7) in base 10?
-593650
Convert -2812492 (base 10) to base 13.
-7761c7
What is 2321001021 (base 4) in base 14?
15a26d
Convert 13320414 (base 6) to base 7.
3535141
What is -202cec (base 16) in base 2?
-1000000010110011101100
-47db54 (base 15) to base 13
-934ccc
Convert -959542 (base 10) to base 3.
-1210202020121
-1100343 (base 5) to base 16
-49a0
133312201 (base 4) to base 15
289ca
What is 3420011413 (base 5) in base 16?
73a567
41a680 (base 13) to base 3
2220002010022
Convert 1105530235 (base 6) to base 13.
26542b5
-14445136 (base 7) to base 2
-101001111001001011010
What is -757660 (base 8) in base 13?
-8b728
Convert -3461174 (base 9) to base 7.
-21621055
What is -69880 (base 16) in base 15?
-88121
Convert 12008515 (base 9) to base 10.
5852102
Convert -242411 (base 7) to base 9.
-66448
Convert 1abb68b (base 12) to base 2.
10